44).
12
Let q(f) = f**2 + 135*f + 1369. Give q(-11).
5
Let s(c) = c**3 + 3*c**2 + 3*c + 163. What is s(0)?
163
Let y(n) = -2*n**2 + 192*n + 25643. What is y(-75)?
-7
Let r(x) = -x**3 + 39*x**2 - 108*x - 21. Determine r(36).
-21
Let t(h) = 20*h**3 + 4*h**2 - 5*h - 6. Give t(2).
160
Let p(o) = o**3 + 12*o**2 + 3*o + 427. Give p(-14).
-7
Let z(r) = r**3 + 74*r**2 + 518*r - 684. Give z(-66).
-24
Let m(d) = -d**3 + 23*d**2 - 116*d - 188. Give m(12).
4
Let r(q) = -q**3 - 65*q**2 - 64*q + 39. Give r(-64).
39
Let s(y) = 3*y**2 + 5*y - 31. Determine s(-6).
47
Let t(m) = -m**3 - 476*m**2 + 4345*m - 9701. Determine t(-485).
-1
Let c(d) = 18*d**2 - 202*d + 16. What is c(10)?
-204
Let i(p) = p**3 - 7*p**2 + p - 54. Give i(0).
-54
Let i(g) = 2*g**3 + 15*g**2 + 53*g + 23. Determine i(-5).
-117
Let m(a) = 1065*a + 4254. Determine m(-4).
-6
Let k(c) = -458*c + 32974. Determine k(72).
-2
Let j(y) = y**3 + 30*y**2 - 41*y - 320. Calculate j(-31).
-10
Let x(v) = v - 158. What is x(-7)?
-165
Let d(w) = w**2 + 184*w + 4972. Calculate d(-33).
-11
Let z(w) = -w**2 + 8. What is z(-3)?
-1
Let l(j) = j**3 + 13*j**2 - 30*j - 7. Give l(5).
293
Let m(q) = q**3 - 15*q**2 - 62*q - 749. Calculate m(20).
11
Let x(h) = -55*h**2 - 331*h + 12. Give x(-6).
18
Let q(f) = f**3 + 4*f**2 - 3*f + 44. Calculate q(-6).
-10
Let w(t) = -3507*t**2 - 10525*t - 6. Determine w(-3).
6
Let n(j) = j**3 + 31*j**2 - 65*j - 82. Determine n(-33).
-115
Let v(s) = -s**3 - 19*s**2 - 23*s - 68. What is v(-18)?
22
Let z(d) = 779*d + 7. Give z(0).
7
Let f(t) = t**3 - 57*t**2 + 166*t - 77. Give f(54).
139
Let w(p) = p**3 - 76*p**2 + 160*p - 233. Determine w(74).
655
Let l(k) = -k**3 - 3*k**2 + 15*k + 64. What is l(-3)?
19
Let q(t) = 93*t + 657. What is q(-7)?
6
Let q(m) = -19*m - 171. Calculate q(-8).
-19
Let v(i) = -17*i + 19. What is v(0)?
19
Let y(f) = -1031*f - 358790. What is y(-348)?
-2
Let u(t) = 2*t**3 + 96*t**2 - 419*t - 145. What is u(-52)?
11
Let q(o) = -o**2 - 14*o + 83. What is q(-22)?
-93
Let n(v) = -699*v + 27965. What is n(40)?
5
Let k(o) = 2*o**3 + 43*o**2 + 14*o - 256. Give k(-21).
-109
Let p(v) = v**3 - 6*v**2 - 34*v - 85. What is p(10)?
-25
Let x(v) = 139*v**3 - 5*v**2 - 4*v + 8. Calculate x(1).
138
Let y(w) = w**3 - 7*w**2 + 137*w - 909. Give y(7).
50
Let n(r) = r**2 + 22*r + 99. What is n(-19)?
42
Let j(w) = 65*w - 667. Calculate j(10).
-17
Let m(y) = -y**3 + 13*y**2 - 57*y + 65. Determine m(7).
-40
Let o(d) = -7*d**2 + 5*d - 41. What is o(9)?
-563
Let m(a) = -400*a - 9186. Calculate m(-23).
14
Let z(s) = 53*s + 2196. What is z(-40)?
76
Let v(d) = 3*d**2 + 144*d - 633. What is v(-52)?
-9
Let n(u) = -9*u + 62. What is n(7)?
-1
Let u(o) = -3*o**2 + 432*o + 2203. What is u(-5)?
-32
Let f(z) = z**3 - 7*z**2 + 17*z - 308. Calculate f(9).
7
Let m(k) = -122*k + 1063. Give m(8).
87
Let o(d) = -161*d + 1771. What is o(11)?
0
Let b(r) = r**3 - 14*r**2 + 43*r - 2. Calculate b(5).
-12
Let x(j) = 2*j**2 - 61*j - 818. Give x(41).
43
Let g(i) = -i**3 + 68*i**2 - 61*i - 398. Determine g(67).
4
Let g(n) = -58*n - 102. Calculate g(-2).
14
Let q(w) = -8*w**2 - 20*w - 119. Give q(-7).
-371
Let i(y) = 2*y**2 - 117*y - 337. Give i(62).
97
Let j(y) = -8*y**3 - 135*y**2 + 161*y - 26. What is j(-18)?
-8
Let g(y) = -6*y**2 + 178*y - 194. What is g(28)?
86
Let d(h) = 56*h - 60. Give d(4).
164
Let o(t) = -103*t**2 - 474*t - 942. Give o(-2).
-406
Let a(x) = -23*x**2 - 45*x - 238. What is a(-5)?
-588
Let k(r) = r**2 + 17*r - 30. Determine k(-12).
-90
Let o(v) = 3182*v + 9546. Calculate o(-3).
0
Let w(u) = -u**3 - 23*u**2 - 105*u - 5. What is w(-6)?
13
Let m(f) = f**3 - 326*f**2 - 663*f + 2301. Determine m(328).
5
Let o(v) = -v**3 + 27*v**2 - 19*v - 188. Give o(26).
-6
Let f(z) = -z**3 + 24*z**2 + 97*z - 51. Give f(-4).
9
Let y(b) = -3*b**3 - 157*b**2 - 304*b + 8. Give y(-2).
12
Let a(g) = 174*g + 1918. Determine a(-11).
4
Let j(q) = 790*q**2 + 7108*q - 9. Give j(-9).
9
Let w(f) = -1998*f - 19928. Calculate w(-10).
52
Let b(q) = -60*q**2 - 779*q + 14. What is b(-13)?
1
Let q(d) = -8*d**2 + 41*d - 5. What is q(3)?
46
Let b(j) = j**3 - 9*j**2 + 17*j - 39. Calculate b(7).
-18
Let v(u) = 155*u - 104. Calculate v(1).
51
Let f(d) = 2227*d - 11140. Give f(5).
-5
Let g(p) = 356*p - 10681. Calculate g(30).
-1
Let l(m) = m**3 - 121*m**2 + 126*m - 724. What is l(120)?
-4
Let g(x) = 234*x**2 - 1687*x + 7. Calculate g(7).
-336
Let d(i) = -20462*i - 122768. Give d(-6).
4
Let y(z) = 15*z - 470. Give y(27).
-65
Let q(v) = -3*v**3 + 9*v**2 + 6*v - 1. What is q(6)?
-289
Let l(p) = 104*p**2 - 10*p - 2. Determine l(2).
394
Let s(u) = -21*u**2 - 651*u - 3. Determine s(-31).
-3
Let m(d) = d**2 + 62*d - 14653. Calculate m(94).
11
Let c(x) = -2*x**3 - 114*x**2 - 520*x - 7. Give c(-52).
-7
Let l(k) = -27*k + 825. Determine l(30).
15
Let l(k) = -3*k**2 - 87*k - 85. Give l(-28).
-1
Let n(l) = -l**2 - 91*l + 23. Determine n(0).
23
Let g(j) = -j**2 - 20*j - 73. What is g(-16)?
-9
Let y(n) = -n**2 + 4*n + 300. Give y(0).
300
Let v(a) = -2*a**3 - 9*a**2 - 26*a - 159. What is v(-7)?
268
Let b(k) = -2*k**2 - 12*k + 553. Calculate b(-20).
-7
Let i(f) = 2*f**2 - 25*f - 21. What is i(10)?
-71
Let g(s) = -449*s - 34130. Determine g(-76).
-6
Let d(b) = 21*b**2 - 6*b + 1. Determine d(3).
172
Let g(q) = -20*q**3 + 2*q**2 + 5*q - 16. Determine g(2).
-158
Let l(a) = 94*a - 477. Give l(5).
-7
Let m(f) = -1066*f + 10652. Determine m(10).
-8
Let o(k) = -111*k - 786. Calculate o(-7).
-9
Let m(i) = 5*i**2 - 602*i - 1815. Calculate m(-3).
36
Let d(g) = 464*g - 928. Determine d(2).
0
Let w(v) = 3*v**2 + 277*v + 1384. Determine w(-87).
-8
Let k(f) = -9*f**2 - 42*f - 44. Give k(-6).
-116
Let t(y) = -1620*y + 238147. What is t(147)?
7
Let j(a) = -4*a**3 + 52*a**2 - 2*a + 40. What is j(13)?
14
Let i(x) = 54*x - 4269. Determine i(79).
-3
Let j(t) = 4*t**3 + 35*t**2 + 17*t - 58. Determine j(-8).
-2
Let u(z) = -3*z**2 - 133*z + 98. Calculate u(-45).
8
Let v(p) = 9*p + 51. Give v(-4).
15
Let m(b) = -45*b + 958. Determine m(20).
58
Let k(c) = -c**3 - 45*c**2 - 266*c - 21. Give k(-38).
-21
Let q(g) = -g**2 + 72*g - 1083. Determine q(51).
-12
Let d(w) = 71*w + 3139. Calculate d(-44).
15
Let y(n) = -1366*n - 5435. Determine y(-4).
29
Let z(s) = -9*s - 47. Determine z(-14).
79
Let n(o) = 5*o**2 - 9*o - 313. What is n(-7)?
-5
Let h(a) = 25*a**2 + 3. Calculate h(1).
28
Let h(t) = -72*t**2 + 7208*t - 797. Calculate h(100).
3
Let a(q) = -q**3 - 20*q**2 + 86*q - 291. Give a(-24).
-51
Let g(q) = -93*q**3 - 2*q**2 - 2*q - 1. Determine g(-1).
92
Let v(o) = 2*o**2 + 44*o - 2. Determine v(-14).
-226
Let b(m) = 340*m + 671. Give b(-2).
-9
Let k(o) = -o**2 + 25*o + 131. Give k(-5).
-19
Let h(p) = -p**3 - 19*p**2 - 14*p - 13. Calculate h(-18).
-85
Let l(x) = -2*x**3 + 14*x**2 - 13*x + 15. What is l(8)?
-217
Let u(x) = 5*x**2 + 107*x + 250. Calculate u(-19).
22
Let j(i) = 39*i + 1717. Calculate j(-44).
1
Let u(t) = t**2 - 12*t - 70. Calculate u(15).
-25
Let h(y) = 5*y + 129. Give h(7).
164
Let p(a) = -a**2 + 41*a - 396. Calculate p(26).
-6
Let u(b) = 1636*b - 8181. What is u(5)?
-1
Let z(q) = 16*q - 1684. Give z(110).
76
Let q(m) = -286*m + 1434. Calculate q(5).
4
Let g(z) = 21*z + 235. What is g(-8)?
67
Let t(l) = 2*l**3 - 9*l**2 + 30*l - 67. What is t(4)?
37
Let n(m) = m + 33. What is n(-21)?
12
Let r(v) = 767*v - 203257. What is r(265)?
-2
Let b(c) = 3*c - 12. Determine b(-1).
-15
Let c(l) = -19*l - 264. Give c(-13).
-17
Let n(a) = -52*a + 1035. Give n(19).
47
Let g(a) = -a**3 + 15*a**2 + 42*a - 420. What is g(16)?
-4
Let d(c) = 17*c - 199. Calculate d(12).
5
Let s(j) = -2395*j + 2381. Calculate s(1).
-14
Let v(n) = n**2 + 7*n - 263. What is v(17)?
145
Let w(c) = c**3 - 48*c**2 - 43*c - 186. Calculate w(49).
108
Let n(p) = -9*p**2 + 27*p + 202. Determine n(-6).
-284
Let o(g) = 1842*g - 23942. Determine o(13).
4
Let o(q) = -5*q**2 + 7*q - 81. Give o(6).
-219
Let o(i) = -111*i - 2244. What is o(-20)?
-24
Let c(t) = -280*t - 428. Determine c(-3).
412
Let h(k) = k**3 - 54*k**2 + 162*k - 448. What is h(51)?
11
Let i(l) = 25*l + 550. What is i(-19)?
75
Let r(p) = -22*p**2 - 117*p - 107. Calculate r(-4).
9
Let d(x) = 2*x - 92. Give d(0).
-92
Let h(n) = -n**2 + 3674*n + 29461. Give h(-8).
5
Let a(o) = 81*o - 124. Determine a(3).
119
Let x(i) = -2*i**3 - i**2 - 142*i + 47. What is x(0)?
47
Le